[INFO] fetching crate rcut-lib 0.0.48...
[INFO] checking rcut-lib-0.0.48 against try#72f88fc4e9458f89516a0b8b0868f3718aec5b47 for pr-74989
[INFO] extracting crate rcut-lib 0.0.48 into /workspace/builds/worker-0/source
[INFO] validating manifest of crates.io crate rcut-lib 0.0.48 on toolchain 72f88fc4e9458f89516a0b8b0868f3718aec5b47
[INFO] running `Command { std: "/workspace/cargo-home/bin/cargo" "+72f88fc4e9458f89516a0b8b0868f3718aec5b47" "read-manifest" "--manifest-path" "Cargo.toml", kill_on_drop: false }`
[INFO] started tweaking crates.io crate rcut-lib 0.0.48
[INFO] finished tweaking crates.io crate rcut-lib 0.0.48
[INFO] tweaked toml for crates.io crate rcut-lib 0.0.48 written to /workspace/builds/worker-0/source/Cargo.toml
[INFO] running `Command { std: "/workspace/cargo-home/bin/cargo" "+72f88fc4e9458f89516a0b8b0868f3718aec5b47" "generate-lockfile" "--manifest-path" "Cargo.toml" "-Zno-index-update", kill_on_drop: false }`
[INFO] running `Command { std: "/workspace/cargo-home/bin/cargo" "+72f88fc4e9458f89516a0b8b0868f3718aec5b47" "fetch" "--locked" "--manifest-path" "Cargo.toml", kill_on_drop: false }`
[INFO] [stderr]  Downloading crates ...
[INFO] [stderr]   Downloaded rtools-traits v0.0.48
[INFO] running `Command { std: "docker" "create" "-v" "/var/lib/crater-agent-workspace/builds/worker-0/target:/opt/rustwide/target:rw,Z" "-v" "/var/lib/crater-agent-workspace/builds/worker-0/source:/opt/rustwide/workdir:ro,Z" "-v" "/var/lib/crater-agent-workspace/cargo-home:/opt/rustwide/cargo-home:ro,Z" "-v" "/var/lib/crater-agent-workspace/rustup-home:/opt/rustwide/rustup-home:ro,Z" "-e" "SOURCE_DIR=/opt/rustwide/workdir" "-e" "CARGO_TARGET_DIR=/opt/rustwide/target" "-e" "CARGO_HOME=/opt/rustwide/cargo-home" "-e" "RUSTUP_HOME=/opt/rustwide/rustup-home" "-w" "/opt/rustwide/workdir" "-m" "1610612736" "--user" "0:0" "--network" "none" "rustops/crates-build-env@sha256:d92eaeed33fa75130ca1ee6c8a01d1ffb62bac859dfdfb3450e3e5d1c0146529" "/opt/rustwide/cargo-home/bin/cargo" "+72f88fc4e9458f89516a0b8b0868f3718aec5b47" "metadata" "--no-deps" "--format-version=1", kill_on_drop: false }`
[INFO] [stdout] 6c46be909a7b82a2199869df0199cd3d0ca95610b861549e5b44d809c43ce286
[INFO] [stderr] WARNING: Your kernel does not support swap limit capabilities or the cgroup is not mounted. Memory limited without swap.
[INFO] running `Command { std: "docker" "start" "-a" "6c46be909a7b82a2199869df0199cd3d0ca95610b861549e5b44d809c43ce286", kill_on_drop: false }`
[INFO] running `Command { std: "docker" "inspect" "6c46be909a7b82a2199869df0199cd3d0ca95610b861549e5b44d809c43ce286", kill_on_drop: false }`
[INFO] running `Command { std: "docker" "rm" "-f" "6c46be909a7b82a2199869df0199cd3d0ca95610b861549e5b44d809c43ce286", kill_on_drop: false }`
[INFO] [stdout] 6c46be909a7b82a2199869df0199cd3d0ca95610b861549e5b44d809c43ce286
[INFO] running `Command { std: "docker" "create" "-v" "/var/lib/crater-agent-workspace/builds/worker-0/target:/opt/rustwide/target:rw,Z" "-v" "/var/lib/crater-agent-workspace/builds/worker-0/source:/opt/rustwide/workdir:ro,Z" "-v" "/var/lib/crater-agent-workspace/cargo-home:/opt/rustwide/cargo-home:ro,Z" "-v" "/var/lib/crater-agent-workspace/rustup-home:/opt/rustwide/rustup-home:ro,Z" "-e" "SOURCE_DIR=/opt/rustwide/workdir" "-e" "CARGO_TARGET_DIR=/opt/rustwide/target" "-e" "CARGO_INCREMENTAL=0" "-e" "RUST_BACKTRACE=full" "-e" "RUSTFLAGS=--cap-lints=forbid" "-e" "CARGO_HOME=/opt/rustwide/cargo-home" "-e" "RUSTUP_HOME=/opt/rustwide/rustup-home" "-w" "/opt/rustwide/workdir" "-m" "1610612736" "--user" "0:0" "--network" "none" "rustops/crates-build-env@sha256:d92eaeed33fa75130ca1ee6c8a01d1ffb62bac859dfdfb3450e3e5d1c0146529" "/opt/rustwide/cargo-home/bin/cargo" "+72f88fc4e9458f89516a0b8b0868f3718aec5b47" "check" "--frozen" "--all" "--all-targets" "--message-format=json", kill_on_drop: false }`
[INFO] [stdout] 924ce6282c312ff7f65b35113ca54f176d9642d398e468317dc2ff6d998b144b
[INFO] [stderr] WARNING: Your kernel does not support swap limit capabilities or the cgroup is not mounted. Memory limited without swap.
[INFO] running `Command { std: "docker" "start" "-a" "924ce6282c312ff7f65b35113ca54f176d9642d398e468317dc2ff6d998b144b", kill_on_drop: false }`
[INFO] [stderr]     Checking rtools-traits v0.0.48
[INFO] [stderr]     Checking rcut-lib v0.0.48 (/opt/rustwide/workdir)
[INFO] [stdout] error[E0433]: failed to resolve: use of undeclared type or module `BufReader`
[INFO] [stdout]    --> src/lib.rs:446:21
[INFO] [stdout]     |
[INFO] [stdout] 446 |         let input = BufReader::new(std::io::Cursor::new(_STR_BIRDS));
[INFO] [stdout]     |                     ^^^^^^^^^ not found in this scope
[INFO] [stdout]     |
[INFO] [stdout] help: consider importing one of these items
[INFO] [stdout]     |
[INFO] [stdout] 275 |     use crate::tests::rtools_traits::BufReader;
[INFO] [stdout]     |
[INFO] [stdout] 275 |     use std::io::BufReader;
[INFO] [stdout]     |
[INFO] [stdout] 
[INFO] [stdout] 
[INFO] [stdout] error[E0433]: failed to resolve: use of undeclared type or module `BufWriter`
[INFO] [stdout]    --> src/lib.rs:455:18
[INFO] [stdout]     |
[INFO] [stdout] 455 |             &mut BufWriter::new(&mut out_cursor),
[INFO] [stdout]     |                  ^^^^^^^^^ not found in this scope
[INFO] [stdout]     |
[INFO] [stdout] help: consider importing one of these items
[INFO] [stdout]     |
[INFO] [stdout] 275 |     use crate::tests::rtools_traits::BufWriter;
[INFO] [stdout]     |
[INFO] [stdout] 275 |     use std::io::BufWriter;
[INFO] [stdout]     |
[INFO] [stdout] 
[INFO] [stdout] 
[INFO] [stdout] error[E0599]: no method named `seek` found for struct `std::io::Cursor<Vec<u8>>` in the current scope
[INFO] [stdout]     --> src/lib.rs:461:20
[INFO] [stdout]      |
[INFO] [stdout] 461  |         out_cursor.seek(std::io::SeekFrom::Start(0)).unwrap();
[INFO] [stdout]      |                    ^^^^ method not found in `std::io::Cursor<Vec<u8>>`
[INFO] [stdout]      |
[INFO] [stdout]      = help: items from traits can only be used if the trait is in scope
[INFO] [stdout]      = note: the following trait is implemented but not in scope; perhaps add a `use` for it:
[INFO] [stdout]              `use std::io::Seek;`
[INFO] [stdout] 
[INFO] [stdout] 
[INFO] [stdout] error[E0599]: no method named `read_to_end` found for struct `std::io::Cursor<Vec<u8>>` in the current scope
[INFO] [stdout]    --> src/lib.rs:464:20
[INFO] [stdout]     |
[INFO] [stdout] 464 |         out_cursor.read_to_end(&mut out).unwrap();
[INFO] [stdout]     |                    ^^^^^^^^^^^ method not found in `std::io::Cursor<Vec<u8>>`
[INFO] [stdout]     |
[INFO] [stdout]     = help: items from traits can only be used if the trait is in scope
[INFO] [stdout]     = note: the following trait is implemented but not in scope; perhaps add a `use` for it:
[INFO] [stdout]             `use std::io::Read;`
[INFO] [stdout] 
[INFO] [stdout] 
[INFO] [stdout] error: aborting due to 4 previous errors
[INFO] [stdout] 
[INFO] [stdout] 
[INFO] [stdout] Some errors have detailed explanations: E0433, E0599.
[INFO] [stdout] 
[INFO] [stdout] For more information about an error, try `rustc --explain E0433`.
[INFO] [stdout] 
[INFO] [stderr] error: could not compile `rcut-lib`.
[INFO] [stderr] 
[INFO] [stderr] To learn more, run the command again with --verbose.
[INFO] running `Command { std: "docker" "inspect" "924ce6282c312ff7f65b35113ca54f176d9642d398e468317dc2ff6d998b144b", kill_on_drop: false }`
[INFO] running `Command { std: "docker" "rm" "-f" "924ce6282c312ff7f65b35113ca54f176d9642d398e468317dc2ff6d998b144b", kill_on_drop: false }`
[INFO] [stdout] 924ce6282c312ff7f65b35113ca54f176d9642d398e468317dc2ff6d998b144b
